-9*g. What is the greatest common factor of 3 and g?
3
Let h = 77 + -47. Let x be 4*2 + (12 - 8). Calculate the greatest common factor of h and x.
6
Let p be 2*(-6 + 3 - -38). Calculate the greatest common factor of p and 10.
10
Let y(k) = 2*k**2 - k + 1. Let a be y(1). Let f(x) = 8*x - 44. Let o be f(6). Calculate the greatest common divisor of o and a.
2
Let h(p) = 102*p**2 - p + 1. Let s be h(1). Let j be 6/(0 - 2) + s. Calculate the greatest common factor of 11 and j.
11
Let t(s) = s + 12. Let i be t(-11). What is the highest common divisor of i and 7?
1
Suppose 4*b + 64 = c, 71 = -3*b + 5*c - 10*c. Let n = 19 - b. Suppose 21 = 4*u + 3*p, -u - 4*p = -0 + 11. What is the greatest common factor of u and n?
9
Suppose 8*r - 25 = 3*r. Suppose -2*k - 16 = -r*x, 2*x = -4*k + 1 - 9. Let a be (-2)/(-4) + 5/x. What is the highest common divisor of a and 3?
3
Let v(f) = 54*f. Let y be v(1). Suppose -5*p + 20 = -5*h, 3*p - 4*h + 0 = 10. What is the greatest common factor of p and y?
6
Let l(n) = -n + 1. Let i(q) = -2*q + 2. Let k(y) = 4*i(y) - 9*l(y). Let u be k(9). Calculate the greatest common factor of u and 88.
8
Suppose 0 = -8*w - 37 + 133. What is the highest common factor of 12 and w?
12
Let k(d) = d. Let t be k(12). Calculate the greatest common factor of t and 36.
12
Suppose 4*i = -3*j - 35, 2*j + 0*j + 3*i + 25 = 0. Let u be 3/j + (-18)/(-5). What is the highest common factor of 6 and u?
3
Suppose 5 = -5*x, 25 = t - 3*x + 4*x. Let s = 54 + 11. Calculate the highest common divisor of t and s.
13
Let s = -4 - -24. Suppose 0*g + 3*g = 0. Suppose g = 4*w + 4 - 24. Calculate the highest common factor of w and s.
5
Let z be (-3 - (0 - 6))*(1 - -2). What is the highest common divisor of 81 and z?
9
Let u = 13 + -1. What is the highest common divisor of u and 30?
6
Let g(w) = 181*w**2 + 3*w + 2. Let f be g(-1). Calculate the highest common factor of f and 36.
36
Let t(o) be the first derivative of -o**2 - 7*o - 4. Let p be t(-7). What is the greatest common divisor of p and 56?
7
Let q(z) = z**3 - 6*z**2 + 8*z - 6. Let c be q(5). Let r = 88 - 87. Calculate the greatest common factor of c and r.
1
Suppose 0 = -2*a + 16 - 2. Calculate the greatest common factor of a and 28.
7
Let y be (-90)/3*(-6 + 5). Calculate the greatest common divisor of y and 20.
10
Suppose 0*z = -4*z - 2*a - 78, -4*z = 4*a + 80. Let v = -10 - z. Suppose 0 = -4*n + v + 27. Calculate the greatest common divisor of 63 and n.
9
Let l(v) = 194*v**2 + 3*v - 2. Let f be l(1). What is the greatest common factor of 13 and f?
13
Let v(t) = -t + 2. Suppose 0 = 2*c - 5*c. Let r be v(c). Suppose -4*a + 7 + 7 = r*w, -4*w - 4 = 0. Calculate the greatest common factor of 32 and a.
4
Let a = -44 - -58. Calculate the highest common divisor of 1 and a.
1
Let y(k) = 18*k - 5. Let c be y(1). Calculate the highest common divisor of c and 39.
13
Let z be 2*(-1 - -2)*-3. Let t(l) be the first derivative of -l**2 - 4*l + 2. Let b be t(z). What is the greatest common factor of 20 and b?
4
Suppose -46*u + 42*u = -52. What is the highest common divisor of 91 and u?
13
Let h = 2 + -2. Let b be 2 + 32 + h + 1. Suppose 0*d - 42 = -3*d. What is the greatest common divisor of d and b?
7
Let q = -7 + 13. Let d be q - ((1 - 1) + 1). What is the highest common factor of 1 and d?
1
Suppose -6*o - 2*z + 319 = -o, -o + 5*z + 53 = 0. What is the highest common factor of 21 and o?
21
Let c(i) = i. Let h be c(-3). Let v = h - -5. What is the highest common factor of 5 and v?
1
Let x be (14/6)/((-4)/(-72)). What is the highest common divisor of 105 and x?
21
Suppose 4*u - 2*u - 10 = -3*b, -b - 15 = -u. Calculate the highest common divisor of 55 and u.
11
Let j(k) = k**3 + 5*k**2 + 5*k + 1. Let b be j(-3). What is the highest common factor of b and 36?
4
Let r(j) = -3*j - 18. Let m be r(-16). What is the highest common divisor of m and 75?
15
Let f = 154 + -138. Calculate the greatest common divisor of 2 and f.
2
Let i be 28*2 + 1 + -1. Let u = 2 - 1. Let h be u + 8 - (0 + 2). Calculate the highest common factor of i and h.
7
Suppose 0 = 3*w + w. Suppose w = -5*j - 4 + 9. What is the greatest common factor of 4 and j?
1
Suppose -8*k + 5*k = -15. Let l = -4 - -19. Calculate the highest common divisor of k and l.
5
Let f(r) = r. Let q be f(1). Let x be (-2 - q)*(-16)/12. What is the greatest common divisor of x and 28?
4
Suppose 2*w - 3*w = -11. Suppose -3*h = 2*o - 223, h = -3*h - 4*o + 292. What is the greatest common factor of w and h?
11
Let r(k) = 2*k**2 - 5*k + 2. Let c be r(4). Calculate the highest common factor of c and 14.
14
Let l be (-8)/(-3)*(-54)/(-8). Suppose -q - 2*q + l = 0. Let t(c) = 2*c - 43. Let s be t(23). What is the greatest common factor of s and q?
3
Let x be (-10)/((-1)/7*2). Let t(l) = -l + 1. Let v be t(-4). What is the highest common factor of x and v?
5
Let v(m) = m - 4. Let j be v(4). Suppose -l - l + 80 = j. Calculate the greatest common divisor of 16 and l.
8
Let v = 63 - 42. Let i be v/(-6)*-34 + 2. What is the highest common factor of i and 11?
11
Let k(o) = o**3 - 9*o**2 + 5*o + 11. Let i be k(9). Suppose 2*l - 108 = -3*x, l + 0*x - i = -x. What is the greatest common factor of l and 20?
20
Let a(t) = -13*t**2 + 4*t - 3. Let s be a(2). Let z = -128 - -215. Let p = z + s. Calculate the greatest common divisor of 5 and p.
5
Suppose 3*z = 2*g - 81 - 146, -558 = -5*g - 2*z. What is the highest common factor of g and 14?
14
Suppose 4*g = 4*p + 48, 4*g - 76 = -p - 2*p. Suppose 10*t - 40 = 9*t. Calculate the greatest common divisor of t and g.
8
Suppose 0 = -0*u + 2*u - 18. Let d = u + -4. Calculate the highest common divisor of d and 40.
5
Suppose p + 2*p = -24. Let j be p/(-3) + (-2)/3. Calculate the highest common divisor of j and 10.
2
Let l be (13 + 2)*(0 - 1). Let y = -143 - l. Let s = y - -188. Calculate the highest common divisor of 12 and s.
12
Suppose -j + 1 = 6, 5*w = j + 405. Calculate the highest common factor of 8 and w.
8
Let y be -1*(-2)/4*(1 + 35). Calculate the greatest common factor of y and 2.
2
Let y be ((-2)/6*0)/(-1). Suppose 0*i - 4*i - k + 70 = y, -44 = -2*i + 4*k. Calculate the greatest common divisor of i and 6.
6
Let z(t) = 7*t**2 + 3*t + 3. Let a be z(3). Calculate the greatest common divisor of 30 and a.
15
Suppose -q - 2*h + 3*h + 96 = 0, -112 = -q + 5*h. What is the greatest common divisor of 23 and q?
23
Let j = 3 + 2. Suppose 5*f - 3*f + 4*r = 18, -30 = -5*f - j*r. Calculate the greatest common factor of f and 3.
3
Let s(p) be the third derivative of -p**6/5 - p**5/60 - p**4/24 + 2*p**2. Let v be s(-1). What is the highest common factor of v and 192?
24
Suppose -2*m - 61 = -t - m, -2*m + 268 = 4*t. Suppose 5 = -3*w + t. What is the greatest common factor of w and 50?
10
Let i = 21 - 12. Calculate the highest common divisor of i and 72.
9
Let c(w) = 2*w**2 - w + 11. Let t be c(6). What is the highest common divisor of 11 and t?
11
Let t(d) = -9*d**3 + 2*d**2 + 2*d - 3. Let w be t(-3). Calculate the greatest common factor of 28 and w.
28
Let v(d) = -12*d - 8. Let b be v(-6). Let h be 6/27 + (-34)/(-9). Let s be (h/(-3))/((-2)/12). Calculate the greatest common divisor of b and s.
8
Let h be (-2)/(-5) + 66/10. Suppose -4*r = -2*r - 14. Calculate the greatest common factor of h and r.
7
Let w be 3 + (-8 + 0)/(-4). Suppose 0*q - w*q + 60 = 0. What is the highest common factor of q and 24?
12
Let c be ((3*-2)/(-3))/(-1). Suppose -4*x = 5*t - 12, 5*x = 2*x + t + 28. Let g be -3*x/c - 2. What is the greatest common divisor of g and 70?
10
Suppose -2*g + 36 = 3*i, -4*g = i - 0*g - 12. Suppose -2*b = -2, 0 = -c + 2*c + 2*b - 32. What is the greatest common divisor of i and c?
6
Suppose 56 = 3*l - 31. What is the greatest common factor of l and 145?
29
Let q(n) = n**3 - 3*n**2 + n + 4. Let u be q(2). What is the highest common divisor of 4 and u?
2
Suppose -576 = -3*m - m. Let j(x) = -4*x - 18. Let v be j(-9). Calculate the highest common divisor of v and m.
18
Suppose -2*n + 14 = o, -5*n + 0*n + o = -35. Let s(m) = 3*m**2 + 11*m - 7. Let z be s(n). Suppose 2*h - z = 87. Calculate the highest common factor of h and 19.
19
Let o be 52 + (0 - (1 + -1)). Let r be 170/(-17)*78/(-10). Calculate the highest common divisor of o and r.
26
Let z = 94 - 14. Calculate the grea